0*i. Calculate the remainder when 333 is divided by p.
13
Suppose -x + 29 + 4 = -3*l, 0 = -x + 4*l + 37. What is the remainder when 186 is divided by x?
18
What is the remainder when (-9 - -44)*-5*(-10)/25 is divided by 2?
0
Suppose 0 = 2*c - 8, 4*a - 5*c = 71 + 17. Suppose 3*m - 15 - a = 0. What is the remainder when 52 is divided by m?
10
Let k = 12 - 11. Calculate the remainder when k*(3 + 21 + 1) is divided by (3/(-3))/((-1)/7).
4
Let r(o) = -o**2 - 39*o + 255. Let m(y) = 2*y**2 - 2*y - 3. Calculate the remainder when r(5) is divided by m(-2).
8
Let x = -26 + 37. Suppose x*n - 239 = 91. What is the remainder when n is divided by 7?
2
Let m = -231 + 258. What is the remainder when 110 is divided by m?
2
Let s(l) = -3*l**3 + 29*l**2 - 32*l - 8. Calculate the remainder when 669 is divided by s(8).
53
Suppose -100 = h - 224. What is the remainder when 138 is divided by h?
14
Suppose 236*l = 242*l - 1146. What is the remainder when l is divided by 51?
38
Suppose 3*x + 6*x + 270 = 0. What is the remainder when 88 is divided by (10/(-2))/(10/x)?
13
Let y(f) = -2*f**2 - 5*f + 2. Let x be y(-4). Calculate the remainder when ((-2)/x + 1853/85)*2 is divided by 17.
10
Let o be (0 - 36/8)*-26. What is the remainder when 51 is divided by 1/3*4*o/6?
25
Calculate the remainder when (-6)/12 - 126/(-12) is divided by 9.
1
Let h(u) = -u**3 - 10*u**2 + 40*u + 23. Calculate the remainder when 868 is divided by h(-13).
8
Let c(v) = -29 - v**3 + 2*v + 30 + 0*v. Let j(o) = -o**2 + 10*o - 7. Calculate the remainder when j(9) is divided by c(0).
0
Let u be (2/(-4))/((-2)/92). Let w(f) = -u*f**3 + 7*f**2 + 3 - f**2 + 22*f**3 - 6*f. What is the remainder when w(4) is divided by 4?
3
Suppose 10*a - 600 = -5*s + 5*a, 4*s - 492 = -a. Calculate the remainder when s is divided by 14.
12
Suppose 405 = 5*v - q, 3*v = 6*v - 2*q - 243. Suppose 5*w - v = -26. Suppose 64 = 5*h - 41. Calculate the remainder when h is divided by w.
10
Let c(h) = -h + 22. Calculate the remainder when 291 is divided by c(-15).
32
Calculate the remainder when (-1 - (-74)/8)/((-1)/(-12)) is divided by 23.
7
Suppose -2*a + 3*a = 17. Suppose -21 = 9*w - 111. Suppose -4*j + 5*j = w. Calculate the remainder when a is divided by j.
7
Let i = 26 - 40. Let g = i - -47. What is the remainder when 130 is divided by g?
31
Suppose -8*o - 3*w + 25 = -3*o, 0 = -5*o + 2*w + 25. What is the remainder when 53 is divided by o?
3
Let s(l) = -l**3 - 5*l**2 + 2. Let k be s(-5). Suppose -k*n + 59 + 45 = 0. Suppose 4*z - 208 = n. Calculate the remainder when z is divided by 17.
14
Let h be ((-100)/(-6))/(42/63). Suppose -x + 7 = -h. Suppose 14 = 5*v - 41. What is the remainder when x is divided by v?
10
Let n(q) = -2*q**3 - 2*q**2 + 3*q - 3. Let u be n(2). Let o = u - -37. Let t = 85 - 38. Calculate the remainder when t is divided by o.
15
Let l(b) = -b + 11. Suppose -14 - 6 = -4*m - 3*f, 2*f = 0. Suppose m*t - 3*s = 294, 4*t + t - 4*s = 292. Calculate the remainder when t is divided by l(-5).
12
Let x = -36 + 39. Suppose 0 = 5*v + 5*g - 150, 165 = 5*v + x*g + 7. What is the remainder when v is divided by 18?
16
Let w(p) = 2*p**2 + p - 47. Suppose -5*t + 20 = -3*t. Calculate the remainder when w(7) is divided by t.
8
Suppose -6*i = -i - 5. Let v be 2/(-6) + i/3. Suppose 6*z - 3*z - 12 = v. Calculate the remainder when 6 is divided by z.
2
Suppose -318 = 103*i - 109*i. Suppose -4*v + 0*v + 44 = 0. Calculate the remainder when i is divided by v.
9
Let p(z) = 4*z - 3 - 4 + 4. Calculate the remainder when (0 - 39)/(1 + -1 - 1) is divided by p(6).
18
Let v = -1 + -7. Let o = -3 - v. What is the remainder when 25 is divided by (-30)/(-12)*28/o?
11
Let v be (5/(-15))/(1/6). Let k = 26 + v. Let l(q) = q**3 - 10*q**2 - 11*q + 13. What is the remainder when k is divided by l(11)?
11
Suppose -2 = 2*y - y, -4*c = 5*y - 138. Let z = c - 27. Calculate the remainder when 17 is divided by z.
7
Let m be (-2)/2 + 6 + -3. Suppose -v + m = 0, -6 = 2*f - 3*v - 0*v. Calculate the remainder when 22*(1 + (0 - f)) is divided by 12.
10
Suppose 2*z - 3*w - 210 = 0, 4*w + 210 = 46*z - 44*z. Calculate the remainder when z is divided by 27.
24
Suppose -4*w + 174 - 10 = 0. Suppose -19*m + 22*m = -60. Let x = m + 41. What is the remainder when w is divided by x?
20
Let n(v) = v**3 + 10*v**2 + v + 24. Suppose 3*a - h - 199 = -42, -2*h + 10 = 0. Calculate the remainder when a is divided by n(-10).
12
Let d(k) = -2*k**2 + 44*k - 69. What is the remainder when 56 is divided by d(20)?
1
Let o = 1539 - 813. What is the remainder when o is divided by 91?
89
Suppose 161 - 7 = 22*b. Calculate the remainder when 79 is divided by b.
2
Suppose 4*f - 26 = 3*a, f - 3*f = -a - 8. Let s(p) be the second derivative of -p**3/3 - 7*p**2/2 - 2*p. What is the remainder when 21 is divided by s(a)?
8
Suppose 23*x - 2574 = 17*x. Calculate the remainder when x is divided by 24.
21
Let l be 3/15*(-2 + 2). Suppose l = -4*h + 111 + 85. What is the remainder when h is divided by -26*(1/(-2))/1?
10
Let t be (1 + 1/2)/(117/312). What is the remainder when 39 is divided by t/20 + (-207)/(-15) + 0?
11
Let c be 0 + -1 - (-1 - 27). Let n = -9 + c. Calculate the remainder when n is divided by 7.
4
Let k = -101 + 10. Let b = k + 127. What is the remainder when 141 is divided by b?
33
Suppose 4*g = -8 - 0. Let v = -24 - -66. What is the remainder when v is divided by g/4*300/(-10)?
12
Suppose -217*h = -205*h - 204. What is the remainder when 60 is divided by h?
9
Suppose 0 = 4*y + y - 150. Suppose 0 = 2*v - 0*v - 238. Calculate the remainder when v is divided by y.
29
Let r = 77 - 144. Let c = -59 - r. Calculate the remainder when 38 is divided by c.
6
Let q be 15/(-2 - -7) + -3. Suppose q = -5*g - 3*x + 40 + 57, 3*g = 4*x + 35. Calculate the remainder when 48 is divided by g.
14
Let x = 520 - 494. Calculate the remainder when 129 is divided by x.
25
Let t be (-2)/(-7) + (-229)/(-7). Let m = t + 24. What is the remainder when m is divided by 15?
12
Suppose 5*s - 111 = -g - 3*g, -3*s + 73 = 4*g. Let k = 106 - 96. What is the remainder when s is divided by k?
9
Let t(l) = 1344*l - 73. What is the remainder when t(1) is divided by 51?
47
Suppose o = 3, o - 1 = -2*f + 2*o. Suppose f*y = 4*u - 22, 5*u - 3*u - 6 = 0. Calculate the remainder when 35 + -1 - (-2 - y) is divided by 8.
7
Suppose 4*d - 5*g = 31, -4*g + 1 = -4*d + 29. Suppose 0 = 2*y - d*y + 8. Suppose -y*a = -3*a - 4. What is the remainder when 9 is divided by a?
1
Suppose -5*v = -3 + 33. Let k be (-28)/v*12/14. Suppose -3*g + 226 = m, -4*g + 288 = -k*m + 2*m. What is the remainder when g is divided by 25?
24
Let z(m) = 2*m**3 - 59*m**2 - 30*m + 35. Calculate the remainder when 167 is divided by z(30).
27
Suppose -4*x - 147 = -59. Let s = 38 + x. Suppose 3*l = -r + 138, -r - 2*r - 46 = -l. Calculate the remainder when l is divided by s.
14
Let j(r) = r**2 + 6*r - 43. What is the remainder when j(8) is divided by 16?
5
Let y(b) = -6*b**3 - 3*b - 1. Let w = -272 + 290. Calculate the remainder when y(-2) is divided by w.
17
Let i(t) = -t**3 + 0*t**3 - 5*t + 6*t**2 + 0*t**3 - 2. Suppose 14 = f + 4*p, 3*f = 5*f + 5*p - 31. What is the remainder when f is divided by i(4)?
8
Suppose -2*r + 52 = 5*k, -2*k = -0 - 4. Calculate the remainder when 77 is divided by r.
14
Suppose 4*n - 4*j = 64, -3*n - 5*j + 2 + 6 = 0. Let u(g) = -4*g + 45. Let p be u(16). Let x(s) = -2*s + 4. What is the remainder when x(p) is divided by n?
9
Calculate the remainder when (-97)/(-7) + (-1480)/(-1295) is divided by 13.
2
Suppose 8*o - o = 168. Calculate the remainder when 62 is divided by -9*(-2)/(o/44) - 1.
30
What is the remainder when 60 is divided by -3*(-2)/36 + (-707)/(-42)?
9
Let x(b) = -b**3 + b + 4. Let j be x(0). Let k = 79 - 25. Suppose -3*n - 5*u = -k, 7*n + j*u - 51 = 4*n. Calculate the remainder when 50 is divided by n.
11
Suppose 16*w - 21*w + 80 = 0. Suppose 4*m - 16 = -3*d, w - 3 = 2*d + 5*m. What is the remainder when 15 is divided by d?
3
Suppose -3*u + 57 = -54. Let p = u - 61. Let z = p + 42. What is the remainder when z is divided by 10?
8
Let g(n) = n - 3 + 3 - 18*n. Let b be g(-7). Suppose 5*l = -a + b, 3*l = -3*a + 28 + 41. What is the remainder when l is divided by 13?
11
Let r = 3 - 1. Let o be (r/1 - 1) + -1. Suppose 4*d - 5*j = 51, o